its digit of j(4)?
1
What is the units digit of (21/(-12))/(1/(-188))?
9
Let f be 16/10*(-10)/(-4). Suppose -1 = 3*c - f*c. What is the units digit of c?
1
Let t = -18 + 104. What is the tens digit of t?
8
Let s = 0 + 3. Suppose 4*q + 2*x - 41 = -3*x, 3*q = 3*x - s. What is the units digit of q?
4
Let p = 11 - 11. What is the units digit of (5 - (2 + p))/3?
1
Let f(c) = 2*c**3 - 5*c**2 + 4*c - 2. Let s be f(3). Suppose -s*w = -14*w - 120. What is the units digit of w?
4
Let p(d) = -2*d - 8. Let v be p(-7). Suppose -4*f - v = 6. What is the units digit of f + 5 - (-1)/(-1)?
1
Let g(v) = -2*v**3 - v**2 + 6*v + 12. Suppose 0 = 3*l - 0 + 12. Let f(p) = p**3 - 3*p - 6. Let i(d) = l*g(d) - 7*f(d). What is the units digit of i(-4)?
6
Let a be (0 + 1)/((-2)/(-10)). Suppose -a*h - 11 = -76. What is the tens digit of h?
1
Suppose -5*b + 25 = -w - 38, -2*w - 6 = 0. Suppose -3*t + 45 = b. What is the tens digit of t?
1
Let j = 503 - 278. What is the units digit of j?
5
Let f = 90 + -51. Suppose 2*b - 36 = -5*g + 6*b, 5*g - b = f. What is the units digit of (g - 2)*(-2)/(-3)?
4
Suppose 24 = i + 4*m, i = -3*m + 15 + 11. What is the tens digit of i?
3
Suppose n - 3*k - 65 = -14, 2*n - 108 = 3*k. What is the units digit of n?
7
What is the hundreds digit of 152 + (-1)/1 + 1?
1
Suppose 2*v - 150 = -3*v. What is the units digit of v?
0
Let g(u) = -2*u + 15. What is the units digit of g(-8)?
1
Suppose -l = -3*f + 7*f - 13, 7 = 2*f + l. Suppose f*i = i + 2. What is the units digit of 8 - i - (2 + -1)?
6
Let a = 5 + -2. Suppose -2 - a = 5*h. Let p = h + 3. What is the units digit of p?
2
Suppose 3*b = -5*d + 105, 3*d - 4*b + 13 = 47. What is the units digit of d?
8
Let p be (-2 - 0)/(-2) + -1. Suppose 5 = u - p*u. What is the units digit of u?
5
Suppose 3*w = -w + 16. Suppose 4*j - 252 = -w*i, 2*i + j = 5*j + 120. Suppose -t = 3*t - v - i, -3*t = 3*v - 54. What is the units digit of t?
6
Let i be ((-1)/2)/((-1)/(-12)). Let a(f) = -f**2 - 7*f + 6. What is the units digit of a(i)?
2
Suppose r + 8 = 5*r, r + 1602 = 4*k. What is the hundreds digit of k?
4
Let c = -1 - -2. What is the units digit of c - 3 - 24/(-4)?
4
Let q = -20 + 25. Suppose -4*y + 9 = -7*y - 3*p, 2*y + q*p = -21. What is the units digit of y?
2
Let f = -220 + 337. What is the tens digit of (6/9)/(6/f)?
1
Let t(h) = -h + 1. Suppose -q + 4 = 3. Let j be t(q). Suppose -15 = -3*v + 3*n, j = -v + 2*n + 6 - 0. What is the units digit of v?
4
Let l = 1 - -3. Suppose -l*z + 2*z = -44. What is the tens digit of z?
2
Suppose -25 = -4*j - 5. Suppose -25 = -2*k + c, k = -j*c + 40 - 0. What is the units digit of k?
5
Let p = 40 - 4. Suppose -u = u - p. What is the tens digit of u?
1
Suppose -3*d + 6*d + c - 514 = 0, -2*d + 347 = 5*c. What is the tens digit of d?
7
Let r(b) = -23*b - 3. What is the units digit of r(-2)?
3
Suppose 3*r - 3 = m, -3*m + 1 = r - 0. Suppose -5*v - 4*c + 78 = 0, -5*v + 5*c + 60 = -m*v. What is the tens digit of v?
1
Suppose 0*i = -2*i + 4*p - 24, -5*p + 17 = 4*i. Let x(y) = -y**3 + 2*y + 3. What is the units digit of x(i)?
7
What is the hundreds digit of (120/(-1))/(60/(-90))?
1
Suppose -3*x + 0 = -3. Let o be 1 - (-1 - (x - 1)). Suppose 2*r = -o*r + 44. What is the tens digit of r?
1
Let n = 15 + -10. What is the tens digit of 215/6 - n/(-30)?
3
Suppose 18 = 2*v - 58. What is the units digit of v?
8
Suppose -2*v = -x - x - 48, 2*v = -2*x - 32. Let g = 69 - 103. Let s = x - g. What is the tens digit of s?
1
Let t(r) = r**3 - 4*r**2 + 2*r - 3. Let f be t(4). Let n be (-15)/(-2)*(f + -1). Suppose 6*w = w + n. What is the units digit of w?
6
Let d(b) = b**2 - 2*b - 19. What is the units digit of d(-7)?
4
Let j be (-7769)/(-221) + 2/(-13). Suppose -j = -3*y + 2*y. What is the units digit of y?
5
Suppose -17*c - 315 = -22*c. What is the units digit of c?
3
Let i(w) = 19*w - 3. What is the units digit of i(5)?
2
Suppose j - 28 = -5*d, 2*j - 26 = 7*d - 2*d. Let i = j - 13. What is the units digit of i?
5
Suppose 0 = 5*l - 105 + 15. What is the units digit of l?
8
Let f(p) be the third derivative of -4/3*p**3 + 1/12*p**4 + 0*p + 1/120*p**6 + 0 - 3/20*p**5 + 2*p**2. What is the tens digit of f(9)?
1
Suppose -14 = -4*l - 5*y + 13, -y + 12 = 3*l. Suppose -l = -3*r + 27. What is the tens digit of r?
1
What is the tens digit of 3 - 0 - (-154)/7?
2
Suppose -m + 29 - 5 = 0. What is the units digit of m?
4
Let l(s) = -s**3 + 13*s**2 + 15*s - 9. Let c = 11 - -3. What is the units digit of l(c)?
5
What is the tens digit of (-168)/(-32)*(-16)/(-6)?
1
Let d(r) = -r - 3 - 3*r - 2*r. What is the units digit of d(-2)?
9
Suppose d = -4*f + 24, f = -d - 7 + 31. What is the units digit of d?
4
Suppose 4*b - 4*z - 16 = 0, -3*b = -0*z - 2*z - 14. Let x be (1 + 0)*b/(-3). What is the units digit of x + 5 + (3 - 2)?
4
Let t be 2 - 3*(16 + -3). Let q = -5 - t. What is the units digit of q?
2
Let b(k) = 3*k + 72. What is the tens digit of b(12)?
0
Suppose 0 = l - 5*q - 72, -2*q - 50 = 2*l - 134. What is the units digit of l?
7
Let h(i) = i**3 - 9*i**2 + 13*i - 11. Let d be h(8). Suppose -4*s - 2*j - j + 39 = 0, 3*s + 2*j - d = 0. What is the units digit of s?
9
Suppose 3 - 2 = f - 2*y, 3 = 2*f - 3*y. Suppose -f*g = 2*g - 35. What is the units digit of g?
7
Let z be (-6)/21 + (-4)/(-14). Suppose 0 = -t - 2*g + 6, 2*g - 6 = 3*t - z*g. Let l = t + 2. What is the units digit of l?
2
Let c be 2 - (0 - 1)*0. What is the units digit of c + -3 + (-57)/(-3)?
8
Let w(v) = v**2 - 7*v + 11. Suppose -u - 3*a = -2*u + 6, 3*u - 3*a = 24. Let q be w(u). Let t = q - 18. What is the units digit of t?
1
Suppose -1864 = -j - 7*j. What is the hundreds digit of j?
2
Let d(f) = -f**3 - 8*f**2 - 10*f - 9. Let p(n) = -n - 7. Let u be p(7). Let c be (u/(-4))/((-5)/10). What is the units digit of d(c)?
2
Let v be -1*5*(-12)/20. Suppose -h + 8 = v*h. Suppose -8 = -3*r - 5*l, -3 + h = 4*r - 5*l. What is the units digit of r?
1
Let s be (7 - 8)/(2/(-10)). Suppose 0 = -s*c - 2*h + 211, 0 = -3*c - h + 9 + 117. Let y = c + -27. What is the tens digit of y?
1
Suppose -g - 1 = -5. Suppose 5*k + 18 = i + i, 0 = -4*k - i - g. What is the units digit of ((-10)/(-4))/(k/(-4))?
5
Let b = 38 + 2. What is the units digit of b?
0
Let a(r) = -17*r + 73. What is the hundreds digit of a(-15)?
3
What is the tens digit of 72 - (-4)/(8/2)?
7
Let z = -17 - -17. Suppose z = -4*i - 5*h + 27 + 39, 47 = 3*i + 5*h. What is the units digit of i?
9
Let j(w) = 4*w**2 + w - 9. What is the tens digit of j(6)?
4
What is the units digit of 2/(-10) + (-3502)/(-85)?
1
Let p = -40 + 66. What is the units digit of p?
6
Suppose 4*n + 2*o - 149 = -15, 0 = -4*n + 2*o + 146. What is the tens digit of n?
3
Suppose -5*g + 2*g + 9 = 0. Suppose 4*f - 98 = -2*l, -l = -4*l + g*f + 165. What is the tens digit of l?
5
Suppose -2*f = -g - 52, -5*f + 2*g = -0*f - 132. What is the tens digit of f?
2
Suppose -4*n - 228 = -7*n. Suppose -3*s + n = s. What is the tens digit of s?
1
Let t be (-1*1)/(1/(-20)). Let x = 9 + 4. Let a = t - x. What is the units digit of a?
7
Suppose -4*b = -3*q - 17, 2*q - 12 = -2*b - 0. Suppose 6*z + b*a = 3*z + 55, -4*z - 3*a = -77. What is the tens digit of z?
2
Suppose 2*k - 1 + 7 = 0. Let p(t) = t**2 + 3*t + 4. Let h be p(k). Suppose 2 = h*n - 3*n. What is the units digit of n?
2
Suppose -20*w + 24*w = 376. What is the tens digit of w?
9
Let h = 7 + -4. Let a(p) = -3*p + 3. Let j be a(3). What is the units digit of h + 3/(j/4)?
1
Let x be (-4 - -4)*(-3 + 2). Suppose 2*k + x = 5*m - 8, 3*m + 3*k = -12. Suppose m = -3*z - 0*z + 21. What is the units digit of z?
7
Let g be (-3)/2*(-16)/6. Let j be g/(-10) + (-27)/(-5). Suppose 5*v = -7*q + 3*q + 27, 6 = j*q - 3*v. What is the units digit of q?
3
Suppose -4*m + 25 = 57. Let s = 0 + m. What is the units digit of (-1)/4 - 66/s?
8
Suppose -5*j + 119 = 3*v, 85 = -2*j + 6*j - v. Let b = j + 11. What is the tens digit of b?
3
Let c(d) = -d**3 - 5*d**2 + d + 7. Let w(i) = -1 - 2*i**2 + i**2 - 4. Let k be w(0). What is the units digit of c(k)?
2
What is the units digit of (-1)/((2 - 3)/44)?
4
Suppose o = 2, -o + 0*o = i - 4. Let a(j) = 2*j**3 + j**2 - 2*j. Let k be a(-2). Let r = i - k. What is the tens digit of r?
1
Suppose 2*f = 4*x + 4 - 0, -2*x + 14 = f. What is the units digit of f?
8
Let g(t) = 6*t - 13. Let b be g(4). 